 = -5*v + 4*p - 6*p + 14. Suppose -491 = -v*h + 3*o, 3*h - 2*h = -2*o + 131. Let a = h - -144. Is a a prime number?
True
Let i be ((-10)/(-5) - 5) + 5556. Suppose i = -4*a + 43837. Is a a prime number?
False
Let s = -7215 + 25466. Is s prime?
True
Suppose -5*s = 20, u - 25510 = 6*s + 9981. Is u prime?
False
Let a be 20/6*(-41664)/310. Is (-8)/(a/24) + 6280/14 prime?
True
Let u(q) = q + 24. Suppose 0*w = 7*w. Let h be u(w). Is (-2)/h*-573*12 prime?
False
Suppose 8*x - 57706 - 35670 = 0. Suppose x = -11*m + 51679. Is m prime?
True
Let p(x) = -713*x - 107. Let y be p(-17). Let b = y - 8079. Is b a composite number?
True
Let s = 1535 + -745. Suppose 2*c - 2*f - s = c, 0 = -4*c + 3*f + 3155. Suppose 4*k + 781 = 5*o, -o - c = -6*o - 3*k. Is o composite?
False
Suppose 2*w - 5*o - 1455 = 126, 0 = -w + 3*o + 790. Suppose w = -u - 5*s, 2*u + s + 1604 = -3*s. Let n = u + 1917. Is n a composite number?
False
Suppose 18 = -3*j - 3*d, j - 40*d = -38*d + 3. Is j + -2454*4/(-12) a prime number?
False
Suppose -5*y - 3*i + 19 - 10 = 0, 2*y + 2 = -4*i. Suppose -5*x + 16*h + 32747 = 12*h, 0 = 5*x + y*h - 32726. Is x a prime number?
True
Let y(b) = -5*b - 25*b**3 - 22 + b + 7*b**2 + 3 + 5*b. Is y(-6) composite?
True
Suppose 23*j - 92507 - 2252789 = 1154913. Is j a prime number?
True
Let r(g) = 41*g**2 - 283*g - 1449. Is r(-5) a prime number?
True
Let d be 1416/18 - 1/(9/6). Suppose 4*f - 78 + d = 0. Suppose -3*i + 3263 = -4*s, 5*i + 2*s + f*s - 5395 = 0. Is i composite?
True
Suppose 5*z - 22624 = -9*z. Let x = -457 + z. Is x composite?
True
Let q = -932650 + 1668447. Is q a composite number?
True
Let o(y) = 5*y + 23. Let m(k) = 3*k + 15. Let c(d) = -8*m(d) + 5*o(d). Let f be c(7). Suppose 18 = -f*j + 1094. Is j prime?
False
Let h(l) = l**3 + 10*l**2 - 15*l - 17. Let z be h(-11). Suppose -z*n = -9*n - 3366. Is n composite?
True
Suppose 64*g - 44 = 53*g. Suppose 105337 = g*d - 5*f, f - 17476 = -3*d + 61522. Is d a prime number?
False
Let k = -10372 - -15123. Is k a composite number?
False
Let r = 69952 + -41571. Is r prime?
False
Let n(l) = -4 + 4*l**2 + 26 + 10*l - 5*l**2. Suppose -8*z + 10*z = 3*y - 29, 0 = 4*y + 2*z - 34. Is n(y) composite?
False
Let k(o) = o**3 - 6*o**2 - 25*o - 11. Let z be k(14). Suppose 2056 = 13*w - z. Is w prime?
True
Let a(t) = 123 + 9*t + 42*t - 170. Let s(k) = k**3 - 10*k**2 + k + 6. Let o be s(10). Is a(o) prime?
True
Let u = -209 - -18089. Suppose 10*f + u = 34*f. Is f a prime number?
False
Is 87990 + -1 + (14 - -6 - 26) a prime number?
False
Is 357767/(-5)*(-31)/((-279)/(-45)) a composite number?
False
Let v = -75458 + 152571. Is v composite?
True
Suppose -f - 5 = -l + 8, 3*l - 5*f = 29. Suppose -l*x + 10250 = -13*x. Suppose -2*g - 2*y = -808, 5*y - 6*y = -5*g + x. Is g composite?
False
Let q be 8/18 - (-1200)/216. Is 2/((-8)/q)*108008/(-92) a composite number?
True
Let u = -1223548 + 1834649. Is u composite?
False
Let s(t) = -106*t - 9. Let f(x) = -x**3 - 12*x**2 - 11*x + 2. Let d be f(-11). Suppose d*w = 9*w + 35. Is s(w) a prime number?
True
Let q = 148470 - 85789. Is q a prime number?
False
Let w be ((-3)/1)/((-1)/(-7)). Let y(x) = x + 15. Let s be y(w). Let i(v) = -v**3 + 7*v**2 - 4*v + 13. Is i(s) prime?
False
Let a(z) = 225*z**2 + 14*z - 55. Suppose -700 + 712 = 2*k. Is a(k) composite?
True
Let j = 573 + 557. Suppose 0 = 5*a - 2*u - j, 3*a + 129 = 5*u + 826. Let n = 533 + a. Is n composite?
False
Let d(l) = -11*l**3 - l**2 + 3*l + 2. Let c be d(-2). Let m = -82 + c. Is (-84304)/(-112) + m/(-7) prime?
False
Suppose 4*r = 223*v - 218*v - 612191, 30 = 5*r. Is v composite?
False
Let t(w) = -9032*w + 95. Is t(-1) a prime number?
True
Let t = -20 - -24. Suppose 0 = -5*o - 3*z - 3, 2*o - 3 = t*z + 1. Is 19 + -18 - (o + -306) prime?
True
Is 49129 + (-25 - -35 - (1 + -1)) a composite number?
False
Let d(r) = 543*r + 91. Let m be d(8). Suppose 116*n - m = 111*n. Is n a prime number?
True
Let s(w) be the second derivative of 7*w**3/2 + 32*w. Let k be s(1). Is (k/6)/((-3)/(-1338)) prime?
False
Let n = -72 - -206. Suppose -q = -83 - n. Is q a composite number?
True
Suppose 0 = -156*r + 154*r + 102898. Suppose 0 = 3*w + a - 154347, -4*a + a = w - r. Is w a prime number?
True
Let d be (0 - -33) + (1 - -3 - 7). Let f = 35 - d. Suppose 899 = 2*b + r, 3*b - f*r - 1356 = -4*r. Is b a composite number?
True
Let a = 397187 + -164166. Is a prime?
True
Suppose 5*x + 11*x = -5*x. Suppose x = 16*o - 0*o - 99152. Is o a prime number?
True
Let h = 35545 - 13766. Is h a composite number?
True
Suppose 0 = -31*w + 136234 - 5197. Let u = w - -94. Is u composite?
True
Suppose 149*f - 11279475 = 9005534. Is f a composite number?
True
Let w be 3/1 + 2 + 17138. Let k = w + -2376. Is k a composite number?
False
Suppose 9*p - 5*p - 3*c - 86792 = 0, 0 = -2*c + 8. Is p composite?
False
Suppose 7 = 7*j - 35. Suppose r + 5 = 0, 2*g - 5*r = j*g - 16971. Is g a composite number?
True
Let x be 34354/10 - 3/(-5). Let a = x + -1363. Is a a composite number?
True
Suppose 24*w - 16474953 = 5803119. Is w composite?
False
Let v(w) = -3*w - 21. Let t(y) = -3*y - 20. Let k(q) = -5*t(q) + 6*v(q). Let g be k(-9). Is 52/g*596/16 a composite number?
True
Suppose z + 23 = 5*f, 3*z - 12 = -3*f + 9. Suppose 3*k = -k - 4*o + 60, -f*k + 2*o = -110. Is (k/4 - 6)*(-2203)/1 prime?
True
Let o = 2046 + -3312. Let p = o + 2525. Is p prime?
True
Let m = 22590 + -12173. Is m composite?
True
Suppose d = -11*d + 60. Let l(k) = 126*k**3 + 12*k**2 - 4*k - 15. Is l(d) a prime number?
False
Let b(t) = -27*t**3 + 6*t**2 + 9*t - 3. Let q be b(-5). Suppose -23 = 5*m - 3, h - q = 5*m. Is h prime?
True
Let d(g) = -34*g - 1. Let l be d(-1). Suppose 8*v + 1 = l. Suppose -v*s + 0*s = -1516. Is s composite?
False
Suppose -2*n - 9*n + 55 = 0. Let h be 123/39 - (-2)/(-13). Suppose -n*y = 3*t + 151 - 924, -h*y = -3*t - 483. Is y composite?
False
Suppose 500229 = 3*h - 52*p + 47*p, -2*p - 12 = 0. Is h composite?
True
Let w(q) = -84*q**3 - 4*q**2 - 2*q + 12. Let r be w(-3). Suppose -i - 5118 - r = 0. Is (i/2)/(-4) + (-4)/2 a prime number?
True
Let y(k) = 2 + 4*k + 3 - 1 + 186*k**2. Let b be y(-1). Is ((-8)/(-4))/(4/b) a prime number?
False
Let l = 78 - 65. Let p(v) = -17*v - 14. Let y be p(l). Let w = y + 1056. Is w composite?
False
Let t be 275/(-4) - 3/(-4). Let w = t + 68. Let q(y) = y + 314. Is q(w) composite?
True
Let u(q) = -q**3 + 9*q**2 - q + 15. Let i be u(9). Let o be (i/9*3/(-2))/1. Is (-75552)/(-60) + o/5 a prime number?
True
Let h be (4/(-10))/(14/(-70)). Suppose -h*y = -623 - 1395. Is y a prime number?
True
Let n(s) = 47*s**2 + 11*s + 17. Let d be n(-2). Let z = d - -2368. Is z a prime number?
True
Let q(o) = -2*o - 28. Let n be q(-16). Let d be (-1)/(-2)*(14 - n). Suppose -42 = d*h - 207. Is h prime?
False
Let h be -1 + (0 - 0) + 5. Suppose 2*b = 5*y - 90, -5*b + h*b + 3*y - 45 = 0. Is ((-30)/b + (-934)/(-12))*2 composite?
False
Let l(t) = -t**2 - 10*t + 3. Let x be l(-7). Suppose 47*z - 41*z - x = 0. Suppose -z*b = 1883 - 13591. Is b composite?
False
Let g(u) = 416*u**2 - 8. Let m be g(-2). Let l = -924 + m. Suppose -l - 323 = -j. Is j prime?
False
Is 2151856/168*111/2 - -12 a composite number?
True
Let p be 0 + (4 - 0) + -2 + -141. Let t = p + 190. Is t composite?
True
Let w(t) = 429*t**3 - 4*t**2 + 7*t + 3. Let g(d) = -4*d - 50. Let y be g(-13). Is w(y) prime?
True
Suppose -g - 3*b - 210 = -12467, g - 3*b = 12245. Is g composite?
False
Is -83649*(22/99 - 33/27) a prime number?
False
Is 176/440*2504270/4 a prime number?
False
Suppose l - 4*p = 46843, -l + 4*p + 46870 = 9*p. Is l composite?
True
Suppose 12*q + 7157 + 168727 = 0. Let z = -10456 - q. Is z composite?
False
Let i be 84/35*10/6. Suppose 0*v - i*v = -14228. Is v composite?
False
Let i = 3257 + -3251. Let n(m) = 5*m**3 + 6*m**2 - 10*m + 13. Let s(l) = -4*l**3 - 7*l**2 + 11*l - 13. Let x(h) = -3*n(h) - 4*s(h). Is x(i) a prime number?
False
Suppose 41*k - 2531115 - 4913871 + 1601215 = 0. Is k a composite number?
True
Let f(g) be the second derivative of 197*g**4/4 + 5*g**3/3 - 6*g**2 - 103*g. Is f(5) prime?
True
Let l be -1 - 3 - -4 - -4. Suppose 0 = 4*v + l*i - 892, -i = -2*v - 0*i + 446. Is v a composite number?
False
Let j = -422 + 1123. Let t = 5814 + -3672. Let q = j + t. Is q a composite number?
False
Suppose -7*w = 5*a - 5*w - 31